b) = -4*b + 4. Let r(s) = i*l(s) + 5*n(s). Give r(1).
-5
Let k(g) = g**3 + 6*g**2 + 2. Suppose 3*t + 5*j - 292 = 0, -81 = 2*t + 2*j - 281. Let d = 98 - t. Give k(d).
2
Let v(m) be the second derivative of 0 - 5/2*m**2 + 1/2*m**3 - 48*m. Calculate v(2).
1
Let c(h) be the second derivative of h**5/20 - 41*h**4/12 + 19*h**3/3 + 81*h**2/2 + 1357*h. What is c(40)?
1
Let v(r) = -33*r + 3. Let f(y) = -17*y. Let z(a) = -6*f(a) + 3*v(a). Determine z(4).
21
Let b(f) = -2*f**3 - 8*f**2 - 2*f + 2. Let l be (3 - 6) + (-73 - -73). Give b(l).
-10
Let w(l) = l**2 + 3*l + 1. Suppose -4*y - 5 = -7*y - h, -12 = -2*y - 5*h. Suppose -23 = -4*u + y. Suppose u*r - 5*d = r - 35, 0 = -2*r + d - 9. What is w(r)?
-1
Let k(s) = s**2 + 7*s + 5. Let y(v) = -2*v**2 - 13*v - 10. Let m(l) = 9*k(l) + 4*y(l). Let f = -515 - -504. Determine m(f).
5
Let p(f) = -16 - 1324*f**2 + 10 + f + 662*f**2 + 663*f**2 + 0*f**3 - 2*f**3. Calculate p(-3).
54
Let p be 44/(-9)*99/(-48) + -10. Let q(d) be the third derivative of 0 - 31*d**2 + p*d**5 + 1/120*d**6 + 1/12*d**4 + 1/6*d**3 + 0*d. What is q(-3)?
13
Let n(i) be the third derivative of i**4/24 - 4*i**3/3 - 477*i**2. Let u = 9 - 9. What is n(u)?
-8
Let i(s) = 22*s - 22. Let m(w) = 2*w**3 + 47*w**2 + 13*w - 227. Let n be m(-23). Give i(n).
44
Let z(v) = 7*v**3 - v**2 - v + 13. Let n(s) = 28*s**3 - 4*s**2 + 54. Let u(x) = -2*n(x) + 9*z(x). Determine u(1).
6
Let q(b) = 10*b**2 - 2*b - 3. Suppose a + 18 = 3*c - 0, c = 7*a - 14. Determine q(a).
81
Let y(n) be the third derivative of -5*n**4/24 - 2*n**3/3 - 12*n**2 - 102. Calculate y(2).
-14
Let g(y) = -2*y**2 + 2*y - 5. Let i be g(2). Let l(j) be the second derivative of j**4/12 + 5*j**3/3 + 17*j**2/2 - 526*j. Determine l(i).
8
Let g(x) = -x**3 + x - 2. Let h(i) = 21*i**3 - 5*i + 7. Suppose 2 = 2*y - 2*r, -2*y + 18 = -r + 13. Let n(b) = y*g(b) + h(b). Give n(-1).
-17
Suppose -622*t - 598*t + 1188*t - 352 = 0. Let z(n) be the third derivative of -n**5/60 - 11*n**4/24 + 5*n**3/6 - n**2. Calculate z(t).
5
Let s(b) be the third derivative of b**5/60 + b**4/6 + 2*b**3/3 - 116*b**2. Suppose 20 = -q + 4*j, -j - 16 = -q - 6*j. Determine s(q).
4
Suppose -c = 4*c + 5*p - 5, -4*c - 36 = -4*p. Let s(o) = 94*o + 383. Determine s(c).
7
Let z(s) = -s**2 + 6*s - 1. Let b(g) = g + 18. Let a be b(-14). Suppose -4*j + 0*f - a*f = -136, 4*f = 8. Suppose -5*l = 7 - j. Calculate z(l).
4
Let k(u) = -u**2 - 8*u - 10. Let x be k(-6). Suppose 0 = g + 6*v - x*v - 6, -g + v = -6. Let b(z) = -4*z - 2 + g*z + 2. Calculate b(5).
10
Suppose -29*u + 18592 = -u. Let m = -664 + u. Let b(c) = 1 + 3 + 3 - c. Calculate b(m).
7
Let c = 33594 + -33591. Let j(q) = -6*q**2 + 9*q - 6. Calculate j(c).
-33
Suppose 4*n - 564 + 298 = -298. Let b(j) = 16*j + 47. What is b(n)?
-81
Suppose 0 = -64*n + 82*n + 198. Let i(l) = 0 + l**2 + 0 - 1 + 4 + 11*l. Determine i(n).
3
Suppose 67 = 5*q + 77. Let y(m) = -m**2 - 7*m - 14. Let l be y(q). Let c(j) = -j**2 - 5*j + 3. Calculate c(l).
7
Let n(v) = -26 - 7*v**3 + 48 - 6*v**2 + 8*v**3 + 16*v - 82. What is n(5)?
-5
Let b(z) = 42*z + 82. Let m(k) = 21*k + 41. Let a(y) = -3*b(y) + 5*m(y). Let x be a(-2). Let i(u) = -4*u + 2. Calculate i(x).
-2
Let k be 6/((22 - 23)/(14/(-6) + 2)). Let x(d) = -3*d**2 + 11*d - 18. What is x(k)?
-8
Let u(k) = -9 - 3 + 6 - 8*k + 1 + 1 - k**2. Determine u(-8).
-4
Let q = -452 + 457. Suppose 3*x = -5*w + 9, 0 = 5*w + 2*x + 3*x - 5. Let a(v) = -w - 4*v - v**2 + q*v + 0. Calculate a(0).
-3
Let c(b) be the second derivative of 28*b**3/3 + 333*b**2/2 + 1183*b. What is c(-6)?
-3
Let j be (-9)/(-4)*33/((-33)/4). Let q(l) = -14*l - 127. Calculate q(j).
-1
Let s(f) be the second derivative of f**3 + 1/24*f**4 - 27/2*f**2 + 0 - f. Let k(w) be the first derivative of s(w). Calculate k(0).
6
Suppose 5*q = 5*l - 35, -3*q - 24 = l - 3*l. Let t be (7 + q)/(3/5). Let c(v) = 5*v**2 - 1 - 3*v**2 - v**3 - 3*v**2 + 5*v - 3*v**2. Calculate c(t).
-1
Let f(j) = j**3 + 38*j**2 + 38*j + 35. Let g = -104 + 67. Give f(g).
-2
Let m be (-42)/(-8) - (-6 + 272/64)*1. Let z(b) = -b**3 + 8*b**2 - 10*b - 13. Determine z(m).
-34
Let a(h) = 43713 - 22*h**2 - 42*h - 43797 + 20*h**2. Calculate a(-19).
-8
Let n(i) = 4*i**3 - 11*i**2 - i - 7. Let k(a) = 2*a**3 - 6*a**2 - a - 4. Let t(f) = 5*k(f) - 3*n(f). Let u(j) = -1318*j - 114664. Let m be u(-87). Give t(m).
-7
Let r(j) = -1 + 140*j**2 + j**3 + 2*j + 189*j**2 - 324*j**2. Give r(-5).
-11
Let x(u) be the first derivative of 61 + 3/2*u**2 - 2*u. Suppose 18 = 5*j - 7. What is x(j)?
13
Suppose 0 = -f - 3*f - 3*o + 14, -4 = 3*f - 5*o. Let i = 648 - 646. Let x(b) = -b - 35*b**i - 3 + 17*b**f + 19*b**2. Give x(-4).
17
Suppose -64*o = 23*o + 94*o. Let f(g) = g - 26. What is f(o)?
-26
Let b(m) = -2*m**2 + 18*m - 21. Let i be b(7). Let d(t) = 2*t - i - 7 - 4. Determine d(13).
8
Let t be -3 - -1 - (0 + 8 - 3). Suppose 3*n + 5 = -z, 0*n = 4*n - 4*z - 20. Let q(r) = 0 + n - 4 - r + 1. What is q(t)?
4
Let v(a) = a**3 - 12*a**2 - 25*a - 28. Let s be v(14). Let j(l) = 7*l + 7*l - 29*l + s*l + 15. Determine j(12).
3
Let c(o) = 6*o**2 - 465*o - 719. Let u be c(79). Let y(a) = -a**3 - 8*a**2 + 2*a + 8. Determine y(u).
-8
Let t(r) = -205*r + 0*r**2 + 203*r - r**2 - 5 + 7. Determine t(-7).
-33
Let i be ((0 + 11)*12/132)/1. Let r(m) = -15*m + 7. Calculate r(i).
-8
Suppose -2*t - 8 = -2*o, t + t - 4*o = -18. Let g(s) = -5*s + 17. Let r(z) = 5*z - 27. Let x(h) = -3*g(h) - 2*r(h). Give x(t).
8
Suppose -4*p = -3*b - 34, 5*b - p + 26 + 8 = 0. Let z(c) be the second derivative of c**3/6 + 6*c**2 - 802*c + 8. Calculate z(b).
6
Let w(u) be the third derivative of -u**6/120 - u**5/15 + u**4/6 + u**3/2 + 2*u**2 - 649. Suppose -2*x - 20 = -4*x. Let g = 5 - x. Give w(g).
8
Suppose f + 3 - 7 = 0. Let c(v) = 14*v**3 - 5507*v**2 - 4 - 32*v**3 + 17*v**3 + 4*v + 5510*v**2. Give c(f).
-4
Let w(q) = 10*q + 143. Let z(y) = -5*y - 79. Let g(p) = 3*w(p) + 5*z(p). What is g(-8)?
-6
Suppose c + 3*v - 14 = -4*c, 4*v = 4*c - 24. Suppose -g + 30 = 2*t, -6*t + c*t = -3*g - 22. Let i(r) = r**2 - 14*r. Determine i(t).
0
Suppose 4*p + 9 + 1 = 5*w, 4*w - 8 = 2*p. Let i(m) = m**3 + m**2 + 10. Calculate i(p).
10
Let x(j) = -4*j**2 - 10*j - 8. Let p(k) = -9*k**2 - 19*k - 17. Let r(u) = -3*p(u) + 7*x(u). Let n be (12/6*2 + -5)*5. Determine r(n).
35
Let r(h) be the second derivative of -1/2*h**2 + 61*h + 1/12*h**4 + 1/3*h**3 + 0. Let s(p) = -p**3 - 5*p**2 + 5*p - 4. Let z be s(-6). Give r(z).
7
Let r be -1 - (-3 - (-8 + 1) - 7). Let m(y) = 0*y - y**3 - 15 - 6 + r*y**2 + y - y**2. Give m(0).
-21
Let s(k) = -k**3 + 5*k**2 - 3*k - 4. Let q be 9 + (-36)/(108/9). Give s(q).
-58
Suppose -9*d = -0*d - 18. Let c(u) = -3 + 4*u + 4*u - d*u - 5*u. Determine c(-8).
-11
Let l(a) = -a**2 - 23*a - 7. Let f be ((-72)/28)/((-45)/(-420)). What is l(f)?
-31
Let c be (3/(-2))/(-2*(-5)/(-20)). Let i = c + 5. Let j(l) = l**3 - 7*l**2 - 8*l - 2. Determine j(i).
-2
Let l(v) be the third derivative of v**4/24 - 5*v**3/3 - 3228*v**2. Let s = 8 + -2. Determine l(s).
-4
Let x = 6592 - 6608. Let t(r) = -2*r + 28. What is t(x)?
60
Let k = -85 - -88. Let d(o) = 3*o - 1. Let r(b) = 4*b - 5. Let q(t) = -16*t + 22. Let w(a) = 4*q(a) + 18*r(a). Let f(j) = -11*d(j) + 4*w(j). What is f(k)?
0
Let n be (-340)/(-60) - 4/6. Let g(t) = t**2 - 2*t. Let c(m) = -4*m**2 + 8*m - 4. Let r(b) = -c(b) - 3*g(b). Give r(n).
19
Let r(t) = 7*t - 3. Let y(c) = c**3 + 3*c**2 + 4*c + 3. Let n be y(-2). Let h(p) = 18 + 13 - p - 11 - 19. Let u(i) = n*r(i) - 6*h(i). Give u(-4).
1
Let h(p) = -p**2 - p + 20. Let y(t) = t**3 - 5*t**2 - 16*t - 60. Let l be y(8). Give h(l).
0
Let c be ((-16)/260*-13)/(2/15). Let v(l) be the third derivative of -l**4/24 + 7*l**3/6 + 48*l**2. What is v(c)?
1
Let o(j) = -7 - 3*j + 2*j + 0*j + 0*j. Let k(g) = g + 6. Let t(x) = 4*k(x) + 5*o(x). Let w be t(-9). Let u(m) = m**3 + 2*m**2 + 4*m + 3. Calculate u(w).
-5
Let j(l) = l**3 + 6*l**2 + 6*l + 19. Let x be (-102)/(-238)*(-7)/(-1) + -9. Calculate j(x).
-17
Let w(o) = -7*o - 17. Let i be w(-4). Suppose -5*t + 19 = -i. Let u(p) be the second derivative of -p**3/3 + 5*p**2/2 - 5*p. Calculate u(t).
-7
Let b be ((-112)/(-20) + -6)/((-7)/35). Let i(z) be the first derivative of -3/2*z**b + 22 - 6*z. Give i(-8).
18
Let i(z) = -z**2 + 6*z - 3. Let p be ((-5)/10)/((-3)/(-18)). Suppose 2*a - 3*t = -13, -a + 